 greatest common divisor of 2 and q.
2
Let u(k) = -k**2 - 10*k - 4. Let j = -36 + 22. Let t = 6 + j. Let n be u(t). Calculate the greatest common factor of 3 and n.
3
Let j be -2*(-4)/(16/86). Suppose 0 = 5*p - d - 163, p + 5*d = -0*p + j. What is the highest common divisor of p and 11?
11
Let i = 160 + -69. What is the greatest common divisor of 13 and i?
13
Let v(z) = z**3 + 11*z**2 + 17*z + 15. Let k be v(-9). What is the greatest common factor of k and 8?
8
Suppose 0 = 2*z + 102 - 12. Let i = -15 - z. Calculate the greatest common factor of 10 and i.
10
Let a be ((-11)/(264/(-16)))/(2/6). Calculate the greatest common factor of 6 and a.
2
Let w = -95 + 149. Calculate the highest common divisor of 36 and w.
18
Suppose -u + 0*u + 26 = 0. Suppose 7*k + u = j + 3*k, -k - 2 = 0. Calculate the highest common factor of j and 9.
9
Suppose -5*n = z - 474, -4*z + 91 = -0*n + n. Calculate the greatest common divisor of 38 and n.
19
Let v = -5 + 4. Let b be (-55)/(-4) + v/(-4). Let x = 49 + -35. What is the greatest common factor of b and x?
14
Suppose 0 = -6*n + 4*n - 4*w + 12, 0 = -3*n + 3*w. Suppose 2*d - d = -2*a + 8, n*d = 3*a + 2. What is the highest common divisor of 4 and d?
4
Let v be 1/(-3)*0 + -4. Let t = -1 - v. Suppose 6*j - t = 3*j. What is the greatest common divisor of 8 and j?
1
Let j(t) = -2*t - 6. Let a be j(-9). Suppose 0 = 3*x - 3, -4*x = -5*q + 53 - a. Calculate the greatest common factor of 27 and q.
9
Let l be (-1 + -10)/(1/(-2)). Calculate the highest common divisor of 2 and l.
2
Let z be 4/(-14) + -4 + 2232/21. What is the greatest common divisor of 6 and z?
6
Suppose -36 = -2*v - t + 8, -3*v - t + 65 = 0. Calculate the greatest common factor of 21 and v.
21
Let n be (-3)/(-2)*(-88)/(-12). Let q = 24 - n. Calculate the greatest common divisor of 143 and q.
13
Let u be 42 + (-5 - -7) - 0. What is the highest common divisor of u and 352?
44
Suppose 5*m - 4 + 15 = -4*a, 4*a = m + 7. Let j = 5 + a. What is the greatest common divisor of 2 and j?
2
Let t(g) = -g + 12. Let z be t(9). Suppose -8*i + z*i = -120. Suppose 3*s - 13 = 5. Calculate the greatest common factor of i and s.
6
Suppose -9 = -3*w - 2*j, -w + 8 = j - 2*j. Suppose 2*m + 2*n = -6, -2*m + 4*n + 17 = -m. Calculate the greatest common divisor of w and m.
1
Suppose -3*y + 3*k = -8 - 19, -4*k + 20 = 3*y. Calculate the greatest common divisor of 72 and y.
8
Let h be (-3)/(-2) + 14/4. Suppose -o - 12 = -h*o. Suppose 4*i = -o*c + 57, 2*i - 4*c + 14 = 70. What is the highest common divisor of 3 and i?
3
Let y(b) = -b - 17. Let v be y(7). Let t be v/8 - 2*-3. Calculate the highest common divisor of 27 and t.
3
Suppose 0 = h - 17 - 11. Let j = 6 - -1. What is the highest common factor of h and j?
7
Suppose -c = 2, 5*b - 5*c - 435 = -0*c. Suppose -o + 3*o + a = -145, 2*a = 5*o + 376. Let q = -40 - o. Calculate the greatest common factor of b and q.
17
Suppose -5*v + 100 = 4*p, 0 = 4*p + 3*v - 0*v - 108. Calculate the greatest common divisor of p and 15.
15
Let p(z) = 2*z. Let n be p(2). Let i be 4 - (1 - (-2 - -2)). Suppose i*g - 2*o = -g + 36, -42 = -n*g + 5*o. Calculate the greatest common factor of g and 32.
8
Let y be (-2)/(84/41 - 2). Suppose 4*m - 408 = -0*m. Let k = m - y. What is the greatest common divisor of 13 and k?
13
Let o = 49 - 39. Calculate the highest common divisor of o and 70.
10
Suppose 9*k - 11*k + 176 = 0. Calculate the highest common divisor of 220 and k.
44
Let o(i) = -6*i - 10. Let f be o(-7). Let r = f + 16. What is the greatest common divisor of r and 6?
6
Let l = 42 - 18. What is the highest common factor of l and 12?
12
Let h(z) = 10*z**2 + 3*z - 2. Suppose -4 = 3*x - 10. Let u be h(x). Suppose u = i + i. What is the highest common factor of 11 and i?
11
Let p(t) = t**2 + 8*t - 9. Let b be p(-7). Let h = b - -22. What is the greatest common factor of h and 30?
6
Suppose 5*b - 32 = 8. Let y = 38 + b. Let w = y - 16. What is the highest common factor of w and 12?
6
Let q(v) = -v**3 - 2*v**2 - 2*v - 1. Let u be q(-3). Let s(o) = 6*o. Let f be s(u). What is the highest common factor of f and 12?
12
Let y(o) = 7*o. Let n be y(1). Suppose 2*d - 5*s = 81, 4*d + 4*s - 92 + 0 = 0. What is the greatest common factor of d and n?
7
Let t(y) = -y**3 + 6*y**2 + y + 3. Let s be t(6). Let u = s - 4. Suppose -h + 14 = -0*h - 4*i, 4*i - 94 = -u*h. Calculate the highest common divisor of 6 and h.
6
Let t(y) = -65*y + 5. Let m be t(-5). Let f be -2*m/(-4) - 0. What is the greatest common factor of 15 and f?
15
Suppose 6*h - 506 = 88. Calculate the greatest common factor of 9 and h.
9
Let u(w) = -35*w**3 + w**2 + 2*w + 1. Let l be u(-1). Let m = -13 - -16. Suppose -91 = -m*s + l. Calculate the greatest common divisor of 14 and s.
14
Let i = 15 - 14. Calculate the highest common factor of 2 and i.
1
Let h(k) = -3*k + 6. Let v be h(-5). Let w be (5/15)/((-1)/(-3)). Let o be (-14)/(-4) + w/(-2). Calculate the highest common factor of v and o.
3
Suppose 0*p - p - 3 = 0. Let y be (p + 258/(-4))*-2. Let d(v) = v + 7. Let n be d(8). Calculate the greatest common divisor of n and y.
15
Let h(c) = c**3 + 9*c**2 + 8*c + 10. Let m be h(-8). Calculate the greatest common factor of 70 and m.
10
Suppose h - 132 = -4*a - 3*h, -5*h = -20. Suppose 33 = 5*l - n, 8*l - 3*n - a = 3*l. Let z = 12 - l. Calculate the greatest common divisor of z and 45.
5
Let f(x) = 2*x + 30. Let a be f(-10). Let h = -64 - -154. What is the greatest common factor of h and a?
10
Suppose 18 = 2*n + 2. Calculate the highest common factor of n and 28.
4
Suppose 6*a - 21 = -a. What is the highest common factor of 12 and a?
3
Let i(z) = 4*z**2 + 5*z + 3. Let q be i(-3). Let j(c) = c**3 + 9*c**2 + 12. Let o be j(-9). What is the highest common divisor of q and o?
12
Let r(z) = z**3 + 12*z**2 + 13*z - 6. Let u be r(-10). What is the highest common divisor of 8 and u?
8
Let b = -7 + 9. Suppose b*h - 82 = -4*i, -4*h - h + 25 = i. Suppose -2*j = -125 + 45. What is the greatest common factor of i and j?
20
Let q(b) = 3*b**2 - 6*b - 2. Let g be q(4). What is the greatest common divisor of 2 and g?
2
Let l(j) = 100*j**3 + j**2 - 2*j + 1. Let q be l(1). Let z = 5 - 3. Suppose i + y - 6 = 3*y, 2*i - 16 = z*y. What is the highest common divisor of i and q?
10
Suppose -5*z + 166 = 3*p - 0*z, -2*p = z - 106. What is the highest common factor of 13 and p?
13
Let d be (-2)/7 + 75/(-7). Let t = d + 16. Calculate the greatest common divisor of 1 and t.
1
Let l = -8 - -13. Let k = l - -12. Calculate the greatest common divisor of 136 and k.
17
Let l = -36 + 58. Let i = -42 + 64. Calculate the greatest common factor of l and i.
22
Let k be 120 + 0 + 1 - 1. Let h be (-5)/(-1)*(0 - 3 - -6). What is the greatest common divisor of h and k?
15
Suppose -1749 = -5*r + s, 0*r - 5*s = -4*r + 1395. Calculate the highest common divisor of 35 and r.
35
Suppose 0 = 4*t - 3 - 81. Calculate the highest common divisor of t and 168.
21
Let a = -109 - -129. What is the greatest common divisor of a and 20?
20
Let w = 29 + 96. Suppose -p + 3*b = 62, 4*p + b + b + 276 = 0. Let j = w + p. Calculate the greatest common factor of j and 19.
19
Suppose -29*i + 90 = -20*i. Suppose -3*u + 2*u + 5 = 0. What is the greatest common factor of i and u?
5
Let v be (32/(-6))/8 - (-8)/3. What is the greatest common divisor of 22 and v?
2
Let t be ((-63)/(-12))/((-1)/(-12)). Suppose 0 = 4*l - 449 - t. Let v(o) = 7*o + 2. Let d be v(2). Calculate the highest common divisor of l and d.
16
Let r(b) = b**3 + 5*b**2 - 5. Let l be r(-4). Let p(i) = i**2 - 2*i - 9. Let t be p(l). What is the highest common divisor of t and 36?
18
Let u be ((-4)/(-10))/(2/5) + 29. What is the greatest common factor of 6 and u?
6
Suppose -2*d - 2*c = 3 - 21, -c = 4*d - 39. Suppose r = -4*r - d. Let a(i) = -15*i - 2. Let m be a(r). What is the highest common factor of 42 and m?
14
Suppose -5*f - 2*q = -4*q - 16, f + 2*q = -4. Suppose 0 = -f*a - 38 + 110. What is the greatest common factor of a and 90?
18
Suppose 72 = -0*z + 4*z. Let c be (-978)/(-27) - 4/z. Let d(n) = 4*n - 8. Let x be d(8). Calculate the highest common divisor of x and c.
12
Suppose 0 = -2*s + 8 - 4. Suppose 19 = -s*w + 51. Suppose -2*c - 10 = -7*c. What is the highest common divisor of c and w?
2
Suppose 0 = -2*j - 41 + 